ose 7*d = -2*d - 558. Let i be (6/(-4))/(6/(-16)). Is 10 a factor of (-2)/i*d - -2?
False
Let j = 9 + -5. Let v be 3/6 - j/(-8). Does 6 divide v/(-3) - (-28)/3?
False
Suppose -6*b - 4 = -8*b. Let x be b + -3 - (-17 - 0). Suppose w = 34 + x. Is w a multiple of 25?
True
Suppose 152 = 4*b - 84. Suppose 3*c - 2*w - b - 108 = 0, 0 = -c - w + 64. Is 24 a factor of c?
False
Let w(h) = 2*h**2 - h + 2. Suppose 4*z = -2*t - 3*t - 7, 0 = -4*t + 4*z + 16. Let i be w(t). Suppose c - i - 11 = 0. Is 7 a factor of c?
True
Suppose -4*a - 5*r = -468, -a + 3*r = -42 - 58. Is a a multiple of 4?
True
Let s = -347 + 1394. Is 22 a factor of s?
False
Suppose 68*x - 74*x + 16050 = 0. Does 20 divide x?
False
Suppose 13*q - 12*q = 4. Suppose -q*o - 4*f + 152 = o, -4*f + 24 = o. Does 20 divide o?
False
Let r = -4 + 8. Let f(m) = m**2 + 2*m - 6. Let o be f(r). Suppose -5*d + 2*b = -37, d + 2*d = -3*b + o. Is 2 a factor of d?
False
Suppose -8*r + 5 = -3. Let c be r - -2 - (2 + -11). Suppose 8*u - c*u + 320 = 0. Is u a multiple of 23?
False
Let v be (-7 - 7)/((-2)/5). Let s = v - 5. Is s a multiple of 7?
False
Let g = -1995 - -1133. Let i be g + 12/8*-2. Does 16 divide i/(-20) + 2/(-8)?
False
Does 7 divide (15/60)/((-2)/(-1784))?
False
Is -3 - 48/(2/25*-5) a multiple of 3?
True
Suppose -6*c - 60 = -10*c. Let t be 10/6*(1 + 5). Suppose t*b - c = 9*b. Is b a multiple of 15?
True
Let m be (-10)/6*(-12)/10. Let s = m + -9. Does 3 divide 1/s + (-88)/(-28)?
True
Is 79 a factor of (-21)/2*(10 + -170 + 2)?
True
Let i(j) = 3*j - 12. Let u be i(5). Let w(s) = -4*s + 7. Let q be w(u). Is (1 - q)/((-3)/(-10)) a multiple of 14?
False
Let l be 2/3 + 6286/21. Suppose 7*i - i = l. Is 10 a factor of i?
True
Suppose -5 = -5*l + f + 4*f, 31 = l + 5*f. Suppose 5*p = 5*z - 135, -l*z - 4*p + 126 = -z. Is 26 a factor of z?
True
Suppose s - 15 = -5*v, 2*s - 3*v = 13 + 43. Let z = s - -125. Is z a multiple of 25?
True
Let k = -13 - -13. Suppose k = 2*h + x - 3, 2*h - 3*x - x = 18. Is h/4 - (-105)/4 a multiple of 10?
False
Let o(s) = 5*s**2 + s + 2. Let t be o(5). Does 21 divide (-70)/(-4)*t/55?
True
Let q = 587 + 803. Does 21 divide q?
False
Let d(y) be the second derivative of -y**5/20 + y**4/6 + y**3/3 - y**2/2 + y. Let h be d(2). Let z = 6 + h. Does 3 divide z?
True
Let g(c) be the third derivative of c**7/504 - 17*c**6/720 - c**5/30 - 7*c**2. Let p(t) be the third derivative of g(t). Is 14 a factor of p(7)?
False
Let g(f) = 4*f**2 - 37*f + 41. Does 24 divide g(17)?
False
Suppose 47234 = -84*u + 197*u. Is u a multiple of 4?
False
Is (63/27)/((11/(-180))/(-11)) a multiple of 30?
True
Suppose -14 = 2*m + t + 4*t, m - 3*t = 15. Let o be m + 1 + -4 + 16. Is (-16)/6*(-36)/o even?
True
Suppose 0 = -13*m + 16*m - 153. Suppose -3*u + 51 = c - 0*c, -4*u - m = -c. Is c a multiple of 17?
True
Let l(b) = 29*b**2 - 4*b + 3. Does 36 divide l(3)?
True
Let w be (10 + -9)/(2/4). Suppose -3*t - 5*r + 6*r + 71 = 0, -w*t = -2*r - 42. Is 25 a factor of t?
True
Let c(k) = -k**2 - 3*k + 7. Let g be c(-4). Suppose -6 = 5*r - r - d, 0 = 3*r + g*d + 12. Does 9 divide (243/(-18))/(1/r)?
True
Suppose 169 = 2*w + 3*a + 28, -5*a = -4*w + 249. Does 6 divide w?
True
Let j be (1 + 3)/8*16. Suppose -3*x = -4 - j. Suppose x*o = 8, -2*l - 243 = -7*l - 4*o. Is 23 a factor of l?
False
Let d = -21 - -3. Let x = d + 25. Is -2 - (1 + -1 - x) a multiple of 5?
True
Let o = 706 - -2167. Does 13 divide o?
True
Suppose 297 = 15*u - 2223. Is u a multiple of 7?
True
Let p = 1539 - 577. Does 17 divide p?
False
Is 48 a factor of (-9)/(180/(-8)) + (-4846)/(-10)?
False
Suppose 0 = 5*g + 186 + 59. Let z(h) = 5*h - 53. Let f be z(11). Is 12 a factor of 2 + -2 - g - f?
False
Is 4 a factor of 19719/27 - 3/9 - -2?
True
Let w be ((-6)/4)/((-1)/(-82)). Does 9 divide (w/12 - -2)*16/(-6)?
False
Suppose w + 12 = -3*f, 8 = 3*w - 3*f - 4. Suppose h = 2*s - 3*s + 19, -2*h + 2*s + 46 = w. Does 14 divide h?
False
Suppose -2*i + 6 = 2*d - d, 5*i = 4*d + 28. Suppose -5*p = i*k - 4, -3*k + 5*p + 14 = -4*k. Let v = 0 + k. Does 3 divide v?
True
Let d = 125 - 70. Suppose 3*z - 3*k - 339 = 0, 2*k - 13 = z - 130. Let t = z - d. Is t a multiple of 18?
True
Let a be (-3)/3*(0 - 9). Suppose q - 18 = o + a, 0 = 2*q - 5*o - 57. Is 26 a factor of q?
True
Suppose 0 = -2*g + 2 + 40. Suppose g = -2*j - 5. Let f = j + 25. Does 10 divide f?
False
Let v(y) be the second derivative of y**3/2 - 2*y**2 - y. Let s be v(8). Suppose -42 = -c + s. Is c a multiple of 18?
False
Suppose 2*t - k - k - 16 = 0, 2*k = -4. Suppose -t*m = -27 - 9. Is 5 a factor of m?
False
Suppose -3*j + 4*d + 308 = 0, -526 = -4*j - 3*d - 132. Suppose 0 = -13*g + 550 + j. Is 16 a factor of g?
False
Suppose 10*b - 3972 = 3768. Is b a multiple of 30?
False
Let v(o) = -2*o**3 + 12*o**2 - 27*o + 30. Let i be v(18). Does 50 divide i/(-30) - 1/((-5)/(-2))?
False
Suppose s = 2*l + 200, 6*l = 4*s + 2*l - 820. Let t = -133 + s. Is 7 a factor of t?
True
Suppose -3*u + 3*b - 81 = 0, 12 - 42 = u - 2*b. Let d = u + 26. Is 13 a factor of ((-13)/d)/((-11)/88)?
True
Let v(p) = -p**2 - 16*p + 42. Let z be v(0). Let r = -81 + 151. Let o = r - z. Does 14 divide o?
True
Let i = 17 + -12. Let o(w) = -2*w**3 - 3*w**2 - 3*w - 3. Let g be o(-2). Let a = i + g. Is a a multiple of 12?
True
Suppose 11*z - 6*z + 2*b = 3655, -5*z = -3*b - 3655. Does 43 divide z?
True
Suppose -z - 3*p = 12, 2*z = -3*z - p - 32. Let r be 3/(-6)*z + 250. Suppose 2*f - r = -5*l - 0*f, 4*f + 33 = l. Is 10 a factor of l?
False
Let j(r) = -13*r - 48. Let l be j(-8). Let h = l + -22. Does 4 divide h?
False
Let n = -663 - -990. Is 32 a factor of n?
False
Let n be 26/(-65) + 192/5. Let r = 86 + n. Does 31 divide r?
True
Suppose -2*g + 351 = -t, 0*g - 3*t - 531 = -3*g. Suppose -5*b = i - g, 9*b - 4*b - 3*i = 178. Is b a multiple of 9?
False
Let p be 6*3/9 - 0. Suppose -5*g + 46 = -f + p*f, -4*g = -2*f + 148. Let k = -18 + f. Is 9 a factor of k?
False
Let m(a) = 4*a**3 - 5*a**2 + 10*a - 37. Is 5 a factor of m(7)?
True
Let z = -34 + 44. Suppose -22 = -5*x - 4*l + 3*l, x + 3*l = z. Does 3 divide x?
False
Let j = 8 - 1. Let p be j/7 - 4/(-2). Suppose -2*i + p*i = 6. Is i a multiple of 6?
True
Let n = -12 + 12. Suppose -14 = -3*d - 2*v, -2*d + n*v = -v. Suppose -d*w - 139 = -3*p, 5*w = 2*p - 94 - 17. Is p a multiple of 12?
False
Let c be (-12)/(-16) + (-230)/8. Let s be c/2 + 1 + -2. Is 7 a factor of (-2)/(-1) + s/(-3)?
True
Suppose 0 = 3*g - 2699 - 769. Does 80 divide g?
False
Suppose -29*o = -o - 11592. Is 46 a factor of o?
True
Suppose 0 = -2*u - 8, 2*y - 3*y - 3*u + 132 = 0. Does 24 divide y?
True
Suppose -g = -3*a - 2, -3*a = -3*g + g + 7. Is 14 a factor of -4 - 260/(-4)*a?
False
Suppose -2*k + 5*k = -27. Let x be (k - (-4 + 1))/2. Does 27 divide (-124)/(-4)*(x - -4)?
False
Suppose -2*p - 5*b + 1971 = -1346, 3*p - 5*b = 4988. Does 19 divide p?
False
Let v(y) = y**3 + 19*y**2 - 26*y - 18. Is v(-20) a multiple of 6?
True
Let y(a) = -6*a - 22. Let k be (-9)/1 + 23 + -22. Is 13 a factor of y(k)?
True
Suppose -2*k + 16 = -24. Is ((-492)/k)/(4/(-20)) a multiple of 34?
False
Suppose -3*h - 13 = 2*l - l, l + h = -3. Suppose -6 = l*r - 2*a, -r + 2*a = -2*r + 6. Suppose 5*i - 99 = -0*n - 3*n, r = 5*i - 4*n - 113. Is i a multiple of 7?
True
Suppose -3*a = -2*t - 14, -2*a + 4*a - 3 = -5*t. Suppose -a*p - 4*c = -p - 248, 3*c + 213 = 3*p. Is 20 a factor of p?
False
Suppose -10359 = -28*f + 2269. Is 34 a factor of f?
False
Suppose -2*o + 7 = -5*b - 3, -2*b - 4*o = 4. Let z be (-4)/8 + (-121)/b. Suppose -y - y = -z. Does 30 divide y?
True
Let h = 980 + -17. Is 9 a factor of h?
True
Let s be 1 - (-7 + 4)*9. Is 3 a factor of 18 + -1 - s/7?
False
Let x = -21 - -2. Let l = -36 + x. Let n = 92 + l. Does 8 divide n?
False
Let y = -111 - -159. Let z = y + 228. Does 12 divide z?
True
Suppose -q + 242 = 74. Suppose 0 = -2*r + 6*r - q. Is 14 a factor of r?
True
Let o(p) = 2*p + 9. Let f be o(-6). Does 7 divide ((-58)/f)/((-2)/(-3))?
False
Let h = 813 + -476. Does 39 divide h?
False
Let u = 329 - -1309. Does 73 divide u?
False
Let n(l) = -18*l + 1. Let g be n(-1). Let j = g - 5. Is (-8)/5*(-385)/j a multiple of 18?
False
Suppose -2*n = 3*s + 12, s = 5*n + 2*s + 17. Let y(b) = 5*b**2 + b - 3. Let a be y(n). Suppose -x + a = -0*x. Is 23 a factor of x?
False
Is 42 a factor of 1901/4*(-9)/(54/(